{"id":4095,"date":"2024-01-22T10:18:46","date_gmt":"2024-01-22T10:18:46","guid":{"rendered":"https:\/\/eshop.pristis.lt\/?post_type=product&#038;p=4095"},"modified":"2024-01-22T10:18:49","modified_gmt":"2024-01-22T10:18:49","slug":"automobiliu-valstybiniu-numeriu-nuskaitymo-modulis-luxriot-lpr","status":"publish","type":"product","link":"https:\/\/eshop.pristis.lt\/index.php\/produktas\/automobiliu-valstybiniu-numeriu-nuskaitymo-modulis-luxriot-lpr\/","title":{"rendered":"Automobili\u0173 valstybini\u0173 numeri\u0173 nuskaitymo modulis Luxriot LPR"},"content":{"rendered":"<p><strong>Luxriot LPR<\/strong> valstybini\u0173 numeri\u0173 atpa\u017einimo programin\u0117 \u012franga, skirta aptikti, atpa\u017einti ir registruoti transporto priemon\u0117s valstybinius numerius.<\/p>\n<p>Modulis si\u016blo labai auk\u0161t\u0105 nuskaitymo patikimumo lyg\u012f, intuityv\u0173 diegimo proces\u0105 ir puikias naudojimo charakteristikas.<\/p>\n<p>Programin\u0117 \u012franga idealiai tinka transporto priemoni\u0173 \u012fleidimui \u012f parkingo aik\u0161teles ir eismo kontrolei, taip pat tre\u010di\u0173 \u0161ali\u0173 transporto priemoni\u0173 kontrol\u0117s programoms. <strong>Luxriot<\/strong> taip pat si\u016blo daugyb\u0119 pritaikymo galimybi\u0173 konkretiems valstybiniams numeriams ir \u012fvairiems transporto tipams (traukiniai, krovini\u0173 konteineriai ir kt.).<strong><\/p>\n<p><\/strong><\/p>\n<p><strong>Pagrindin\u0117s savyb\u0117s<\/strong><\/p>\n<p>\u2022 Didelio na\u0161umo atpa\u017einimo variklis su minimaliu klaid\u0173 lygiu<\/p>\n<p>\u2022 Daugyb\u0117 palaikom\u0173 IP kamer\u0173<\/p>\n<p>\u2022 Paprasta naudojime vartotojo s\u0105saja, skirta konfig\u016bruoti, steb\u0117ti ir gauti duomenis<\/p>\n<p>\u2022 Keli\u0173 vaizdo sraut\u0173 apdorojimas <strong>Luxriot Evo Monitor<\/strong> programoje vienu metu<\/p>\n<p><strong>Kitos savyb\u0117s<\/strong><\/p>\n<p>\u2022 Greita ir patogi registruot\u0173 numeri\u0173 paie\u0161ka<\/p>\n<p>\u2022 Efektyvus valstybinio numerio atpa\u017einimas su minimaliu klaid\u0173 lygiu<\/p>\n<p>\u2022 Daugelio \u0161ali\u0173 valstybini\u0173 numeri\u0173 atpa\u017einimas<\/p>\n<p>\u2022 Kameros pad\u0117ties reguliavimas<\/p>\n<p>\u2022 Atpa\u017einimo srities koregavimas, siekiant optimizuoti sistemos apkrov\u0105<\/p>\n<p>\u2022 Ap\u0161vietimo s\u0105lyg\u0173 adaptyvus algoritmas<\/p>\n<p>\u2022 Neriboto \u201eleid\u017eiam\u0173\u201c ir \u201eribot\u0173\u201c s\u0105ra\u0161\u0173 palaikymas<\/p>\n","protected":false},"excerpt":{"rendered":"<p>Luxriot LPR<\/p>\n","protected":false},"featured_media":3612,"template":"","meta":[],"product_brand":[],"product_cat":[111],"product_tag":[],"berocket_brand":[144],"class_list":{"0":"post-4095","1":"product","2":"type-product","3":"status-publish","4":"has-post-thumbnail","6":"product_cat-programine-iranga-vaizdo-stebejimo-sistema-2","7":"berocket_brand-luxriot","9":"first","10":"onbackorder","11":"taxable","12":"shipping-taxable","13":"product-type-simple"},"yoast_head":"<!-- This site is optimized with the Yoast SEO plugin v27.5 - https:\/\/yoast.com\/product\/yoast-seo-wordpress\/ -->\n<title>Automobili\u0173 valstybini\u0173 numeri\u0173 nuskaitymo modulis Luxriot LPR - eShop<\/title>\n<meta name=\"robots\" content=\"index, follow, max-snippet:-1, max-image-preview:large, max-video-preview:-1\" \/>\n<link rel=\"canonical\" href=\"https:\/\/eshop.pristis.lt\/index.php\/produktas\/automobiliu-valstybiniu-numeriu-nuskaitymo-modulis-luxriot-lpr\/\" \/>\n<meta property=\"og:locale\" content=\"lt_LT\" \/>\n<meta property=\"og:type\" content=\"article\" \/>\n<meta property=\"og:title\" content=\"Automobili\u0173 valstybini\u0173 numeri\u0173 nuskaitymo modulis Luxriot LPR - eShop\" \/>\n<meta property=\"og:description\" content=\"Luxriot LPR\" \/>\n<meta property=\"og:url\" content=\"https:\/\/eshop.pristis.lt\/index.php\/produktas\/automobiliu-valstybiniu-numeriu-nuskaitymo-modulis-luxriot-lpr\/\" \/>\n<meta property=\"og:site_name\" content=\"eShop\" \/>\n<meta property=\"article:modified_time\" content=\"2024-01-22T10:18:49+00:00\" \/>\n<meta property=\"og:image\" content=\"https:\/\/eshop.pristis.lt\/wp-content\/uploads\/2024\/01\/module_LPR_icon.jpg\" \/>\n\t<meta property=\"og:image:width\" content=\"800\" \/>\n\t<meta property=\"og:image:height\" content=\"800\" \/>\n\t<meta property=\"og:image:type\" content=\"image\/jpeg\" \/>\n<meta name=\"twitter:card\" content=\"summary_large_image\" \/>\n<meta name=\"twitter:label1\" content=\"Est. reading time\" \/>\n\t<meta name=\"twitter:data1\" content=\"1 minut\u0117\" \/>\n<script type=\"application\/ld+json\" class=\"yoast-schema-graph\">{\"@context\":\"https:\\\/\\\/schema.org\",\"@graph\":[{\"@type\":\"WebPage\",\"@id\":\"https:\\\/\\\/eshop.pristis.lt\\\/index.php\\\/produktas\\\/automobiliu-valstybiniu-numeriu-nuskaitymo-modulis-luxriot-lpr\\\/\",\"url\":\"https:\\\/\\\/eshop.pristis.lt\\\/index.php\\\/produktas\\\/automobiliu-valstybiniu-numeriu-nuskaitymo-modulis-luxriot-lpr\\\/\",\"name\":\"Automobili\u0173 valstybini\u0173 numeri\u0173 nuskaitymo modulis Luxriot LPR - eShop\",\"isPartOf\":{\"@id\":\"https:\\\/\\\/eshop.pristis.lt\\\/#website\"},\"primaryImageOfPage\":{\"@id\":\"https:\\\/\\\/eshop.pristis.lt\\\/index.php\\\/produktas\\\/automobiliu-valstybiniu-numeriu-nuskaitymo-modulis-luxriot-lpr\\\/#primaryimage\"},\"image\":{\"@id\":\"https:\\\/\\\/eshop.pristis.lt\\\/index.php\\\/produktas\\\/automobiliu-valstybiniu-numeriu-nuskaitymo-modulis-luxriot-lpr\\\/#primaryimage\"},\"thumbnailUrl\":\"https:\\\/\\\/eshop.pristis.lt\\\/wp-content\\\/uploads\\\/2024\\\/01\\\/module_LPR_icon.jpg\",\"datePublished\":\"2024-01-22T10:18:46+00:00\",\"dateModified\":\"2024-01-22T10:18:49+00:00\",\"breadcrumb\":{\"@id\":\"https:\\\/\\\/eshop.pristis.lt\\\/index.php\\\/produktas\\\/automobiliu-valstybiniu-numeriu-nuskaitymo-modulis-luxriot-lpr\\\/#breadcrumb\"},\"inLanguage\":\"lt-LT\",\"potentialAction\":[{\"@type\":\"ReadAction\",\"target\":[\"https:\\\/\\\/eshop.pristis.lt\\\/index.php\\\/produktas\\\/automobiliu-valstybiniu-numeriu-nuskaitymo-modulis-luxriot-lpr\\\/\"]}]},{\"@type\":\"ImageObject\",\"inLanguage\":\"lt-LT\",\"@id\":\"https:\\\/\\\/eshop.pristis.lt\\\/index.php\\\/produktas\\\/automobiliu-valstybiniu-numeriu-nuskaitymo-modulis-luxriot-lpr\\\/#primaryimage\",\"url\":\"https:\\\/\\\/eshop.pristis.lt\\\/wp-content\\\/uploads\\\/2024\\\/01\\\/module_LPR_icon.jpg\",\"contentUrl\":\"https:\\\/\\\/eshop.pristis.lt\\\/wp-content\\\/uploads\\\/2024\\\/01\\\/module_LPR_icon.jpg\",\"width\":800,\"height\":800},{\"@type\":\"BreadcrumbList\",\"@id\":\"https:\\\/\\\/eshop.pristis.lt\\\/index.php\\\/produktas\\\/automobiliu-valstybiniu-numeriu-nuskaitymo-modulis-luxriot-lpr\\\/#breadcrumb\",\"itemListElement\":[{\"@type\":\"ListItem\",\"position\":1,\"name\":\"Home\",\"item\":\"https:\\\/\\\/eshop.pristis.lt\\\/\"},{\"@type\":\"ListItem\",\"position\":2,\"name\":\"Parduotuv\u0117\",\"item\":\"https:\\\/\\\/eshop.pristis.lt\\\/\"},{\"@type\":\"ListItem\",\"position\":3,\"name\":\"Automobili\u0173 valstybini\u0173 numeri\u0173 nuskaitymo modulis Luxriot LPR\"}]},{\"@type\":\"WebSite\",\"@id\":\"https:\\\/\\\/eshop.pristis.lt\\\/#website\",\"url\":\"https:\\\/\\\/eshop.pristis.lt\\\/\",\"name\":\"PRISTIS eShop\",\"description\":\"eShop\",\"publisher\":{\"@id\":\"https:\\\/\\\/eshop.pristis.lt\\\/#organization\"},\"potentialAction\":[{\"@type\":\"SearchAction\",\"target\":{\"@type\":\"EntryPoint\",\"urlTemplate\":\"https:\\\/\\\/eshop.pristis.lt\\\/?s={search_term_string}\"},\"query-input\":{\"@type\":\"PropertyValueSpecification\",\"valueRequired\":true,\"valueName\":\"search_term_string\"}}],\"inLanguage\":\"lt-LT\"},{\"@type\":\"Organization\",\"@id\":\"https:\\\/\\\/eshop.pristis.lt\\\/#organization\",\"name\":\"PRISTIS eShop\",\"url\":\"https:\\\/\\\/eshop.pristis.lt\\\/\",\"logo\":{\"@type\":\"ImageObject\",\"inLanguage\":\"lt-LT\",\"@id\":\"https:\\\/\\\/eshop.pristis.lt\\\/#\\\/schema\\\/logo\\\/image\\\/\",\"url\":\"https:\\\/\\\/eshop.pristis.lt\\\/wp-content\\\/uploads\\\/2024\\\/01\\\/PristisLogo-Large.jpg\",\"contentUrl\":\"https:\\\/\\\/eshop.pristis.lt\\\/wp-content\\\/uploads\\\/2024\\\/01\\\/PristisLogo-Large.jpg\",\"width\":1793,\"height\":451,\"caption\":\"PRISTIS eShop\"},\"image\":{\"@id\":\"https:\\\/\\\/eshop.pristis.lt\\\/#\\\/schema\\\/logo\\\/image\\\/\"}}]}<\/script>\n<!-- \/ Yoast SEO plugin. -->","yoast_head_json":{"title":"Automobili\u0173 valstybini\u0173 numeri\u0173 nuskaitymo modulis Luxriot LPR - eShop","robots":{"index":"index","follow":"follow","max-snippet":"max-snippet:-1","max-image-preview":"max-image-preview:large","max-video-preview":"max-video-preview:-1"},"canonical":"https:\/\/eshop.pristis.lt\/index.php\/produktas\/automobiliu-valstybiniu-numeriu-nuskaitymo-modulis-luxriot-lpr\/","og_locale":"lt_LT","og_type":"article","og_title":"Automobili\u0173 valstybini\u0173 numeri\u0173 nuskaitymo modulis Luxriot LPR - eShop","og_description":"Luxriot LPR","og_url":"https:\/\/eshop.pristis.lt\/index.php\/produktas\/automobiliu-valstybiniu-numeriu-nuskaitymo-modulis-luxriot-lpr\/","og_site_name":"eShop","article_modified_time":"2024-01-22T10:18:49+00:00","og_image":[{"width":800,"height":800,"url":"https:\/\/eshop.pristis.lt\/wp-content\/uploads\/2024\/01\/module_LPR_icon.jpg","type":"image\/jpeg"}],"twitter_card":"summary_large_image","twitter_misc":{"Est. reading time":"1 minut\u0117"},"schema":{"@context":"https:\/\/schema.org","@graph":[{"@type":"WebPage","@id":"https:\/\/eshop.pristis.lt\/index.php\/produktas\/automobiliu-valstybiniu-numeriu-nuskaitymo-modulis-luxriot-lpr\/","url":"https:\/\/eshop.pristis.lt\/index.php\/produktas\/automobiliu-valstybiniu-numeriu-nuskaitymo-modulis-luxriot-lpr\/","name":"Automobili\u0173 valstybini\u0173 numeri\u0173 nuskaitymo modulis Luxriot LPR - eShop","isPartOf":{"@id":"https:\/\/eshop.pristis.lt\/#website"},"primaryImageOfPage":{"@id":"https:\/\/eshop.pristis.lt\/index.php\/produktas\/automobiliu-valstybiniu-numeriu-nuskaitymo-modulis-luxriot-lpr\/#primaryimage"},"image":{"@id":"https:\/\/eshop.pristis.lt\/index.php\/produktas\/automobiliu-valstybiniu-numeriu-nuskaitymo-modulis-luxriot-lpr\/#primaryimage"},"thumbnailUrl":"https:\/\/eshop.pristis.lt\/wp-content\/uploads\/2024\/01\/module_LPR_icon.jpg","datePublished":"2024-01-22T10:18:46+00:00","dateModified":"2024-01-22T10:18:49+00:00","breadcrumb":{"@id":"https:\/\/eshop.pristis.lt\/index.php\/produktas\/automobiliu-valstybiniu-numeriu-nuskaitymo-modulis-luxriot-lpr\/#breadcrumb"},"inLanguage":"lt-LT","potentialAction":[{"@type":"ReadAction","target":["https:\/\/eshop.pristis.lt\/index.php\/produktas\/automobiliu-valstybiniu-numeriu-nuskaitymo-modulis-luxriot-lpr\/"]}]},{"@type":"ImageObject","inLanguage":"lt-LT","@id":"https:\/\/eshop.pristis.lt\/index.php\/produktas\/automobiliu-valstybiniu-numeriu-nuskaitymo-modulis-luxriot-lpr\/#primaryimage","url":"https:\/\/eshop.pristis.lt\/wp-content\/uploads\/2024\/01\/module_LPR_icon.jpg","contentUrl":"https:\/\/eshop.pristis.lt\/wp-content\/uploads\/2024\/01\/module_LPR_icon.jpg","width":800,"height":800},{"@type":"BreadcrumbList","@id":"https:\/\/eshop.pristis.lt\/index.php\/produktas\/automobiliu-valstybiniu-numeriu-nuskaitymo-modulis-luxriot-lpr\/#breadcrumb","itemListElement":[{"@type":"ListItem","position":1,"name":"Home","item":"https:\/\/eshop.pristis.lt\/"},{"@type":"ListItem","position":2,"name":"Parduotuv\u0117","item":"https:\/\/eshop.pristis.lt\/"},{"@type":"ListItem","position":3,"name":"Automobili\u0173 valstybini\u0173 numeri\u0173 nuskaitymo modulis Luxriot LPR"}]},{"@type":"WebSite","@id":"https:\/\/eshop.pristis.lt\/#website","url":"https:\/\/eshop.pristis.lt\/","name":"PRISTIS eShop","description":"eShop","publisher":{"@id":"https:\/\/eshop.pristis.lt\/#organization"},"potentialAction":[{"@type":"SearchAction","target":{"@type":"EntryPoint","urlTemplate":"https:\/\/eshop.pristis.lt\/?s={search_term_string}"},"query-input":{"@type":"PropertyValueSpecification","valueRequired":true,"valueName":"search_term_string"}}],"inLanguage":"lt-LT"},{"@type":"Organization","@id":"https:\/\/eshop.pristis.lt\/#organization","name":"PRISTIS eShop","url":"https:\/\/eshop.pristis.lt\/","logo":{"@type":"ImageObject","inLanguage":"lt-LT","@id":"https:\/\/eshop.pristis.lt\/#\/schema\/logo\/image\/","url":"https:\/\/eshop.pristis.lt\/wp-content\/uploads\/2024\/01\/PristisLogo-Large.jpg","contentUrl":"https:\/\/eshop.pristis.lt\/wp-content\/uploads\/2024\/01\/PristisLogo-Large.jpg","width":1793,"height":451,"caption":"PRISTIS eShop"},"image":{"@id":"https:\/\/eshop.pristis.lt\/#\/schema\/logo\/image\/"}}]}},"_links":{"self":[{"href":"https:\/\/eshop.pristis.lt\/index.php\/wp-json\/wp\/v2\/product\/4095","targetHints":{"allow":["GET"]}}],"collection":[{"href":"https:\/\/eshop.pristis.lt\/index.php\/wp-json\/wp\/v2\/product"}],"about":[{"href":"https:\/\/eshop.pristis.lt\/index.php\/wp-json\/wp\/v2\/types\/product"}],"wp:featuredmedia":[{"embeddable":true,"href":"https:\/\/eshop.pristis.lt\/index.php\/wp-json\/wp\/v2\/media\/3612"}],"wp:attachment":[{"href":"https:\/\/eshop.pristis.lt\/index.php\/wp-json\/wp\/v2\/media?parent=4095"}],"wp:term":[{"taxonomy":"product_brand","embeddable":true,"href":"https:\/\/eshop.pristis.lt\/index.php\/wp-json\/wp\/v2\/product_brand?post=4095"},{"taxonomy":"product_cat","embeddable":true,"href":"https:\/\/eshop.pristis.lt\/index.php\/wp-json\/wp\/v2\/product_cat?post=4095"},{"taxonomy":"product_tag","embeddable":true,"href":"https:\/\/eshop.pristis.lt\/index.php\/wp-json\/wp\/v2\/product_tag?post=4095"},{"taxonomy":"berocket_brand","embeddable":true,"href":"https:\/\/eshop.pristis.lt\/index.php\/wp-json\/wp\/v2\/berocket_brand?post=4095"}],"curies":[{"name":"wp","href":"https:\/\/api.w.org\/{rel}","templated":true}]}}